{"id":5574,"date":"2024-11-29T16:03:18","date_gmt":"2024-11-29T09:03:18","guid":{"rendered":"https:\/\/www.phivutabletennis.com\/?post_type=product&#038;p=5574"},"modified":"2024-11-29T16:04:05","modified_gmt":"2024-11-29T09:04:05","slug":"bype-sfx","status":"publish","type":"product","link":"https:\/\/www.phivutabletennis.com\/index.php\/product\/bype-sfx\/","title":{"rendered":"Bype SFX"},"content":{"rendered":"<div id=\"input_line_0\"><b><span id=\"input_part_0\">M\u1eb7t v\u1ee3t Andro Bype SFX<\/span><\/b><\/div>\n<div id=\"input_line_2\"><span id=\"input_part_0\">V\u1edbi mi\u1ebfng l\u00f3t cao su 40\u00b0 v\u1edbi d\u00f9ng c\u00f4ng ngh\u1ec7 TENSOR H\u00e3ng Andro l\u00e0 h\u00e3ng chuy\u00ean nghi\u00ean c\u1ee9u ra nh\u1eefng c\u00f4ng ngh\u1ec7 m\u1edbi . \u0110\u00e2y l\u00e0 l\u1ea7n \u0111\u1ea7u ti\u00ean h\u00e3ng Andro d\u00f9ng c\u00f4ng ngh\u1ec7 m\u1edbi Full TENSOR Energy v\u00e0o s\u1ea3n ph\u1ea9m c\u1ee7a m\u00ecnh. V\u1edbi bao b\u00ec Bype SFX m\u00e0u t\u00edm c\u00f3 nh\u1eefng tia ch\u1edbp, mu\u1ed1n n\u00f3i l\u00ean l\u00e0 m\u1eb7t v\u1ee3t n\u00e0y \u0111\u00e1nh nh\u01b0 s\u1ea5m s\u00e9t.<\/span><\/div>\n<div id=\"input_line_3\"><span id=\"input_part_0\">Andro SPX gi\u00fap ki\u1ec3m so\u00e1t b\u00f3ng cao v\u00e0 th\u00fa v\u1ecb khi ch\u01a1i v\u1eeba ph\u00f2ng th\u1ee7 v\u1eeba t\u1ea5n c\u00f4ng. C\u00f4ng ngh\u1ec7 n\u00e0y gi\u00fap cho ng\u01b0\u1eddi d\u00f9ng p<\/span>h\u1ea3n h\u1ed3i nhanh h\u01a1n, c\u1ea3m gi\u00e1c m\u1ec1m m\u1ea1i h\u01a1n. Gia t\u0103ng kh\u1ea3 n\u0103ng ki\u1ec3m so\u00e1t b\u00f3ng t\u1ed1t h\u01a1n gi\u00fap ng\u01b0\u1eddi ch\u01a1i t\u1ef1 tin h\u01a1n khi d\u00f9ng.\u00a0M\u1eb7t v\u1ee3t cao su b\u00e1m t\u1ed1t cho nh\u1eefng c\u00fa topspin nguy hi\u1ec3m v\u00e0 \u0111a d\u1ea1ng h\u01a1n. Brype SFX m\u1ec1m h\u01a1n m\u1eb7t v\u1ee3t Andro Bype.<\/div>\n","protected":false},"excerpt":{"rendered":"<p>M\u1eb7t v\u1ee3t Andro Bype SFX V\u1edbi mi\u1ebfng l\u00f3t cao su 40\u00b0 v\u1edbi d\u00f9ng c\u00f4ng ngh\u1ec7 TENSOR H\u00e3ng Andro l\u00e0 h\u00e3ng chuy\u00ean nghi\u00ean c\u1ee9u ra nh\u1eefng c\u00f4ng ngh\u1ec7 m\u1edbi . \u0110\u00e2y l\u00e0 l\u1ea7n \u0111\u1ea7u ti\u00ean h\u00e3ng Andro d\u00f9ng c\u00f4ng ngh\u1ec7 m\u1edbi Full TENSOR Energy v\u00e0o s\u1ea3n ph\u1ea9m c\u1ee7a m\u00ecnh. V\u1edbi bao b\u00ec Bype SFX m\u00e0u t\u00edm [&hellip;]<\/p>\n","protected":false},"featured_media":5575,"comment_status":"open","ping_status":"closed","template":"","meta":{"_eb_attr":""},"product_cat":[29,39],"product_tag":[],"class_list":["post-5574","product","type-product","status-publish","has-post-thumbnail","hentry","product_cat-mat-vot","product_cat-andro"],"_links":{"self":[{"href":"https:\/\/www.phivutabletennis.com\/index.php\/wp-json\/wp\/v2\/product\/5574","targetHints":{"allow":["GET"]}}],"collection":[{"href":"https:\/\/www.phivutabletennis.com\/index.php\/wp-json\/wp\/v2\/product"}],"about":[{"href":"https:\/\/www.phivutabletennis.com\/index.php\/wp-json\/wp\/v2\/types\/product"}],"replies":[{"embeddable":true,"href":"https:\/\/www.phivutabletennis.com\/index.php\/wp-json\/wp\/v2\/comments?post=5574"}],"wp:featuredmedia":[{"embeddable":true,"href":"https:\/\/www.phivutabletennis.com\/index.php\/wp-json\/wp\/v2\/media\/5575"}],"wp:attachment":[{"href":"https:\/\/www.phivutabletennis.com\/index.php\/wp-json\/wp\/v2\/media?parent=5574"}],"wp:term":[{"taxonomy":"product_cat","embeddable":true,"href":"https:\/\/www.phivutabletennis.com\/index.php\/wp-json\/wp\/v2\/product_cat?post=5574"},{"taxonomy":"product_tag","embeddable":true,"href":"https:\/\/www.phivutabletennis.com\/index.php\/wp-json\/wp\/v2\/product_tag?post=5574"}],"curies":[{"name":"wp","href":"https:\/\/api.w.org\/{rel}","templated":true}]}}