{"id":5577,"date":"2024-11-29T16:17:37","date_gmt":"2024-11-29T09:17:37","guid":{"rendered":"https:\/\/www.phivutabletennis.com\/?post_type=product&#038;p=5577"},"modified":"2024-11-29T16:17:39","modified_gmt":"2024-11-29T09:17:39","slug":"akkadi-taichi","status":"publish","type":"product","link":"https:\/\/www.phivutabletennis.com\/index.php\/product\/akkadi-taichi\/","title":{"rendered":"Akkadi Taichi"},"content":{"rendered":"<p><strong>Th\u00f4ng tin s\u1ea3n ph\u1ea9m \u201cDONIC Akkadi Taichi\u201d<\/strong><\/p>\n<p>Nh\u1eefng ng\u01b0\u1eddi ch\u01a1i to\u00e0n di\u1ec7n v\u00e0 ph\u00f2ng th\u1ee7 ch\u00fa tr\u1ecdng nhi\u1ec1u \u0111\u1ebfn vi\u1ec7c xoay trong khi xo\u00e1y v\u00e0 s\u1eed d\u1ee5ng b\u00f3ng xo\u00e1y xu\u1ed1ng.<br \/>\nD\u00ednh v\u00e0 b\u00e1m, c\u1ef1c k\u1ef3 d\u1ec5 xoay, t\u1ed1c \u0111\u1ed9 trung b\u00ecnh, r\u1ea5t d\u1ec5 \u0111i\u1ec1u khi\u1ec3n.<br \/>\nC\u00f4ng ngh\u1ec7:\u00a0X\u1ed1p c\u00f3 \u0111\u1ed9 c\u1ee9ng v\u1eeba ph\u1ea3i, m\u1eb7t tr\u00ean c\u00f3 l\u1edbp cao su d\u00ednh \u0111\u00e0n h\u1ed3i. B\u1ec1 m\u1eb7t d\u00ednh, ch\u1ed1ng tr\u01b0\u1ee3t m\u00e0 b\u1ea1n c\u00f3 th\u1ec3 t\u1ea1o ra nhi\u1ec1u \u0111\u01b0\u1eddng c\u1eaft v\u00e0 quay.\u00a0AKKADI TAICHI m\u00e0u \u0111en (v\u1edbi mi\u1ebfng b\u1ecdt bi\u1ec3n m\u00e0u \u0111en \u0111\u1eb7c bi\u1ec7t) c\u1ee9ng h\u01a1n v\u00e0 tr\u1ef1c ti\u1ebfp h\u01a1n m\u1ed9t ch\u00fat so v\u1edbi phi\u00ean b\u1ea3n m\u00e0u \u0111\u1ecf (v\u1edbi mi\u1ebfng b\u1ecdt bi\u1ec3n m\u00e0u kem), \u0111\u00e0n h\u1ed3i h\u01a1n m\u1ed9t ch\u00fat.\u00a0Taichi m\u00e0u \u0111\u1ecf mang l\u1ea1i ph\u1ea3n h\u1ed3i b\u00f3ng t\u1ed1t h\u01a1n n\u1eefa.\u00a0Tuy nhi\u00ean, m\u1eb7t \u0111en \u0111\u01b0\u1ee3c khuy\u00ean d\u00f9ng cho c\u00fa thu\u1eadn tay v\u00ec n\u00f3 mang l\u1ea1i kh\u1ea3 n\u0103ng ch\u01a1i r\u1ea5t l\u1edbn khi giao b\u00f3ng v\u00e0 khai cu\u1ed9c.<\/p>\n<table>\n<tbody>\n<tr>\n<td>Control:<\/td>\n<td>8-<\/td>\n<\/tr>\n<tr>\n<td>Tempo:<\/td>\n<td>7<\/td>\n<\/tr>\n<tr>\n<td>Spin:<\/td>\n<td>10+<\/td>\n<\/tr>\n<tr>\n<td>Hardness:<\/td>\n<td>Medium+<\/td>\n<\/tr>\n<tr>\n<td>Surface:<\/td>\n<td>Sticky-elastic.<\/td>\n<\/tr>\n<tr>\n<td>Characteristics:<\/td>\n<td>AR, AR +, OFF \u2013<\/td>\n<\/tr>\n<\/tbody>\n<\/table>\n","protected":false},"excerpt":{"rendered":"<p>Th\u00f4ng tin s\u1ea3n ph\u1ea9m \u201cDONIC Akkadi Taichi\u201d Nh\u1eefng ng\u01b0\u1eddi ch\u01a1i to\u00e0n di\u1ec7n v\u00e0 ph\u00f2ng th\u1ee7 ch\u00fa tr\u1ecdng nhi\u1ec1u \u0111\u1ebfn vi\u1ec7c xoay trong khi xo\u00e1y v\u00e0 s\u1eed d\u1ee5ng b\u00f3ng xo\u00e1y xu\u1ed1ng. D\u00ednh v\u00e0 b\u00e1m, c\u1ef1c k\u1ef3 d\u1ec5 xoay, t\u1ed1c \u0111\u1ed9 trung b\u00ecnh, r\u1ea5t d\u1ec5 \u0111i\u1ec1u khi\u1ec3n. C\u00f4ng ngh\u1ec7:\u00a0X\u1ed1p c\u00f3 \u0111\u1ed9 c\u1ee9ng v\u1eeba ph\u1ea3i, m\u1eb7t tr\u00ean c\u00f3 [&hellip;]<\/p>\n","protected":false},"featured_media":5578,"comment_status":"open","ping_status":"closed","template":"","meta":{"_eb_attr":""},"product_cat":[178,29],"product_tag":[],"class_list":["post-5577","product","type-product","status-publish","has-post-thumbnail","hentry","product_cat-donic-mat-vot","product_cat-mat-vot"],"_links":{"self":[{"href":"https:\/\/www.phivutabletennis.com\/index.php\/wp-json\/wp\/v2\/product\/5577","targetHints":{"allow":["GET"]}}],"collection":[{"href":"https:\/\/www.phivutabletennis.com\/index.php\/wp-json\/wp\/v2\/product"}],"about":[{"href":"https:\/\/www.phivutabletennis.com\/index.php\/wp-json\/wp\/v2\/types\/product"}],"replies":[{"embeddable":true,"href":"https:\/\/www.phivutabletennis.com\/index.php\/wp-json\/wp\/v2\/comments?post=5577"}],"wp:featuredmedia":[{"embeddable":true,"href":"https:\/\/www.phivutabletennis.com\/index.php\/wp-json\/wp\/v2\/media\/5578"}],"wp:attachment":[{"href":"https:\/\/www.phivutabletennis.com\/index.php\/wp-json\/wp\/v2\/media?parent=5577"}],"wp:term":[{"taxonomy":"product_cat","embeddable":true,"href":"https:\/\/www.phivutabletennis.com\/index.php\/wp-json\/wp\/v2\/product_cat?post=5577"},{"taxonomy":"product_tag","embeddable":true,"href":"https:\/\/www.phivutabletennis.com\/index.php\/wp-json\/wp\/v2\/product_tag?post=5577"}],"curies":[{"name":"wp","href":"https:\/\/api.w.org\/{rel}","templated":true}]}}