{"id":5583,"date":"2024-11-29T16:21:37","date_gmt":"2024-11-29T09:21:37","guid":{"rendered":"https:\/\/www.phivutabletennis.com\/?post_type=product&#038;p=5583"},"modified":"2024-11-29T16:21:38","modified_gmt":"2024-11-29T09:21:38","slug":"baxster-f1-a-gai-cong","status":"publish","type":"product","link":"https:\/\/www.phivutabletennis.com\/index.php\/product\/baxster-f1-a-gai-cong\/","title":{"rendered":"Baxster F1-A (gai c\u00f4ng)"},"content":{"rendered":"<p><strong>Th\u00f4ng tin s\u1ea3n ph\u1ea9m \u201cDONIC Baxster F1-A 1.8\u201d<\/strong><\/p>\n<p>M\u1eb7t v\u1ee3t tr\u00e1i tay d\u00e0nh cho nh\u1eefng ng\u01b0\u1eddi t\u1ea5n c\u00f4ng mu\u1ed1n ch\u01a1i nh\u1eefng pha ph\u1ea3n c\u00f4ng m\u1ea1nh m\u1ebd v\u00e0 \u0111\u00e1nh b\u1eb1ng tr\u00e1i tay.<br \/>\nC\u1ea3m gi\u00e1c \u00eam \u00e1i, t\u0103ng t\u1ed1c n\u0103ng \u0111\u1ed9ng, r\u1ea5t d\u1ec5 \u0111i\u1ec1u khi\u1ec3n.<br \/>\nC\u00f4ng ngh\u1ec7:\u00a0X\u1ed1p c\u00f3 \u0111\u1ed9 c\u1ee9ng v\u1eeba ph\u1ea3i, m\u1eb7t tr\u00ean b\u1eb1ng cao su c\u00f3 gai ng\u1eafn \u1edf b\u00ean ngo\u00e0i.<strong>L\u1edbp ph\u1ee7 b\u00ean ngo\u00e0i c\u00f3 m\u1ee5n<\/strong>\u00a0v\u1eabn c\u00f3 th\u1ec3 h\u1eefu \u00edch cho \u0111\u1ebfn ng\u00e0y nay. Ch\u00fang gi\u00fap ki\u1ec3m so\u00e1t b\u00f3ng d\u1ec5 d\u00e0ng h\u01a1n khi \u0111\u00e1nh l\u1ea1i, ch\u00fang t\u1ea1o ra hi\u1ec7u \u1ee9ng ph\u00e1 b\u00f3ng t\u00f9y thu\u1ed9c v\u00e0o \u0111\u1ed9 d\u00e0i c\u1ee7a gai v\u00e0 k\u1ebft h\u1ee3p v\u1edbi b\u1ec1 m\u1eb7t gai b\u00ean trong \u1edf ph\u00eda b\u00ean kia, ch\u00fang t\u1ea1o ra nh\u1eefng thay \u0111\u1ed5i v\u1ec1 nh\u1ecbp \u0111\u1ed9 g\u00e2y ra v\u1ea5n \u0111\u1ec1 cho nhi\u1ec1u ng\u01b0\u1eddi, \u0111\u1ed1i th\u1ee7.<\/p>\n<p>&nbsp;<\/p>\n<table>\n<tbody>\n<tr>\n<td>Control:<\/td>\n<td>5<\/td>\n<\/tr>\n<tr>\n<td>Tempo:<\/td>\n<td>9+<\/td>\n<\/tr>\n<tr>\n<td>Hardness:<\/td>\n<td>medium<\/td>\n<\/tr>\n<tr>\n<td>Surface:<\/td>\n<td>outside-short<\/td>\n<\/tr>\n<tr>\n<td>Characteristics:<\/td>\n<td>OFF, OFF \u2013<\/td>\n<\/tr>\n<tr>\n<td>DONIC technology:<\/td>\n<td>Knob exterior technology<\/td>\n<\/tr>\n<tr>\n<td>Disruptive effect:<\/td>\n<td>6+<\/td>\n<\/tr>\n<\/tbody>\n<\/table>\n","protected":false},"excerpt":{"rendered":"<p>Th\u00f4ng tin s\u1ea3n ph\u1ea9m \u201cDONIC Baxster F1-A 1.8\u201d M\u1eb7t v\u1ee3t tr\u00e1i tay d\u00e0nh cho nh\u1eefng ng\u01b0\u1eddi t\u1ea5n c\u00f4ng mu\u1ed1n ch\u01a1i nh\u1eefng pha ph\u1ea3n c\u00f4ng m\u1ea1nh m\u1ebd v\u00e0 \u0111\u00e1nh b\u1eb1ng tr\u00e1i tay. C\u1ea3m gi\u00e1c \u00eam \u00e1i, t\u0103ng t\u1ed1c n\u0103ng \u0111\u1ed9ng, r\u1ea5t d\u1ec5 \u0111i\u1ec1u khi\u1ec3n. C\u00f4ng ngh\u1ec7:\u00a0X\u1ed1p c\u00f3 \u0111\u1ed9 c\u1ee9ng v\u1eeba ph\u1ea3i, m\u1eb7t tr\u00ean b\u1eb1ng cao su [&hellip;]<\/p>\n","protected":false},"featured_media":5584,"comment_status":"open","ping_status":"closed","template":"","meta":{"_eb_attr":""},"product_cat":[178,29],"product_tag":[],"class_list":["post-5583","product","type-product","status-publish","has-post-thumbnail","hentry","product_cat-donic-mat-vot","product_cat-mat-vot"],"_links":{"self":[{"href":"https:\/\/www.phivutabletennis.com\/index.php\/wp-json\/wp\/v2\/product\/5583","targetHints":{"allow":["GET"]}}],"collection":[{"href":"https:\/\/www.phivutabletennis.com\/index.php\/wp-json\/wp\/v2\/product"}],"about":[{"href":"https:\/\/www.phivutabletennis.com\/index.php\/wp-json\/wp\/v2\/types\/product"}],"replies":[{"embeddable":true,"href":"https:\/\/www.phivutabletennis.com\/index.php\/wp-json\/wp\/v2\/comments?post=5583"}],"wp:featuredmedia":[{"embeddable":true,"href":"https:\/\/www.phivutabletennis.com\/index.php\/wp-json\/wp\/v2\/media\/5584"}],"wp:attachment":[{"href":"https:\/\/www.phivutabletennis.com\/index.php\/wp-json\/wp\/v2\/media?parent=5583"}],"wp:term":[{"taxonomy":"product_cat","embeddable":true,"href":"https:\/\/www.phivutabletennis.com\/index.php\/wp-json\/wp\/v2\/product_cat?post=5583"},{"taxonomy":"product_tag","embeddable":true,"href":"https:\/\/www.phivutabletennis.com\/index.php\/wp-json\/wp\/v2\/product_tag?post=5583"}],"curies":[{"name":"wp","href":"https:\/\/api.w.org\/{rel}","templated":true}]}}