{"id":5590,"date":"2024-11-29T16:26:29","date_gmt":"2024-11-29T09:26:29","guid":{"rendered":"https:\/\/www.phivutabletennis.com\/?post_type=product&#038;p=5590"},"modified":"2024-11-29T16:26:30","modified_gmt":"2024-11-29T09:26:30","slug":"twingo-plus","status":"publish","type":"product","link":"https:\/\/www.phivutabletennis.com\/index.php\/product\/twingo-plus\/","title":{"rendered":"Twingo Plus"},"content":{"rendered":"<p><strong>Th\u00f4ng tin s\u1ea3n ph\u1ea9m \u201cDONIC Twingo Plus\u201d<\/strong><\/p>\n<p>X\u1ed1p v\u1eeba, cao su ph\u00eda tr\u00ean c\u00f3 \u0111\u1ed9 b\u00e1m \u0111\u01b0\u1ee3c ki\u1ec3m so\u00e1t.\u00a0Nh\u1ecbp \u0111\u1ed9 v\u1eeba ph\u1ea3i, t\u1ed1c \u0111\u1ed9, \u0111\u1ed9 xo\u00e1y v\u00e0 ki\u1ec3m so\u00e1t c\u00e2n b\u1eb1ng.<\/p>\n<p>D\u00e0nh cho ng\u01b0\u1eddi m\u1edbi b\u1eaft \u0111\u1ea7u v\u00e0 ng\u01b0\u1eddi ch\u01a1i c\u00f3 s\u1edf th\u00edch mu\u1ed1n t\u00ecm hi\u1ec3u m\u1ed9t tr\u00f2 ch\u01a1i to\u00e0n di\u1ec7n.<\/p>\n<table>\n<tbody>\n<tr>\n<td>Control:<\/td>\n<td>9+<\/td>\n<\/tr>\n<tr>\n<td>Tempo:<\/td>\n<td>4<\/td>\n<\/tr>\n<tr>\n<td>Spin:<\/td>\n<td>6+<\/td>\n<\/tr>\n<tr>\n<td>Hardness:<\/td>\n<td>medium<\/td>\n<\/tr>\n<tr>\n<td>Surface:<\/td>\n<td>Counter-grippy<\/td>\n<\/tr>\n<tr>\n<td>Characteristics:<\/td>\n<td>AR, AR -, DEF, DEF +<\/td>\n<\/tr>\n<tr>\n<td>DONIC technology:<\/td>\n<td>Starter Technology pads<\/td>\n<\/tr>\n<\/tbody>\n<\/table>\n","protected":false},"excerpt":{"rendered":"<p>Th\u00f4ng tin s\u1ea3n ph\u1ea9m \u201cDONIC Twingo Plus\u201d X\u1ed1p v\u1eeba, cao su ph\u00eda tr\u00ean c\u00f3 \u0111\u1ed9 b\u00e1m \u0111\u01b0\u1ee3c ki\u1ec3m so\u00e1t.\u00a0Nh\u1ecbp \u0111\u1ed9 v\u1eeba ph\u1ea3i, t\u1ed1c \u0111\u1ed9, \u0111\u1ed9 xo\u00e1y v\u00e0 ki\u1ec3m so\u00e1t c\u00e2n b\u1eb1ng. D\u00e0nh cho ng\u01b0\u1eddi m\u1edbi b\u1eaft \u0111\u1ea7u v\u00e0 ng\u01b0\u1eddi ch\u01a1i c\u00f3 s\u1edf th\u00edch mu\u1ed1n t\u00ecm hi\u1ec3u m\u1ed9t tr\u00f2 ch\u01a1i to\u00e0n di\u1ec7n. Control: 9+ Tempo: 4 [&hellip;]<\/p>\n","protected":false},"featured_media":5589,"comment_status":"open","ping_status":"closed","template":"","meta":{"_eb_attr":""},"product_cat":[178,29],"product_tag":[],"class_list":["post-5590","product","type-product","status-publish","has-post-thumbnail","hentry","product_cat-donic-mat-vot","product_cat-mat-vot"],"_links":{"self":[{"href":"https:\/\/www.phivutabletennis.com\/index.php\/wp-json\/wp\/v2\/product\/5590","targetHints":{"allow":["GET"]}}],"collection":[{"href":"https:\/\/www.phivutabletennis.com\/index.php\/wp-json\/wp\/v2\/product"}],"about":[{"href":"https:\/\/www.phivutabletennis.com\/index.php\/wp-json\/wp\/v2\/types\/product"}],"replies":[{"embeddable":true,"href":"https:\/\/www.phivutabletennis.com\/index.php\/wp-json\/wp\/v2\/comments?post=5590"}],"wp:featuredmedia":[{"embeddable":true,"href":"https:\/\/www.phivutabletennis.com\/index.php\/wp-json\/wp\/v2\/media\/5589"}],"wp:attachment":[{"href":"https:\/\/www.phivutabletennis.com\/index.php\/wp-json\/wp\/v2\/media?parent=5590"}],"wp:term":[{"taxonomy":"product_cat","embeddable":true,"href":"https:\/\/www.phivutabletennis.com\/index.php\/wp-json\/wp\/v2\/product_cat?post=5590"},{"taxonomy":"product_tag","embeddable":true,"href":"https:\/\/www.phivutabletennis.com\/index.php\/wp-json\/wp\/v2\/product_tag?post=5590"}],"curies":[{"name":"wp","href":"https:\/\/api.w.org\/{rel}","templated":true}]}}