{"id":5621,"date":"2024-11-29T21:14:30","date_gmt":"2024-11-29T14:14:30","guid":{"rendered":"https:\/\/www.phivutabletennis.com\/?post_type=product&#038;p=5621"},"modified":"2024-11-29T21:17:27","modified_gmt":"2024-11-29T14:17:27","slug":"dhs-gold-arc-9","status":"publish","type":"product","link":"https:\/\/www.phivutabletennis.com\/index.php\/product\/dhs-gold-arc-9\/","title":{"rendered":"DHS Gold Arc 9"},"content":{"rendered":"<p>\u2013 M\u1eb7t v\u1ee3t Gold Arc 9 l\u00e0 m\u1ed9t lo\u1ea1i cao su \u0111\u00e0n h\u1ed3i kh\u00f4ng d\u00ednh m\u1edbi \u0111\u01b0\u1ee3c ph\u00e1t tri\u1ec3n b\u1edfi DHS. \u0110\u01b0\u1ee3c thi\u1ebft k\u1ebf \u0111\u1ec3 mang l\u1ea1i s\u1ef1 ki\u1ec3m so\u00e1t tinh t\u1ebf v\u00e0 d\u1ec5 s\u1eed d\u1ee5ng, M\u1eb7t v\u1ee3t Gold Arc 9 \u0111\u01b0\u1ee3c k\u1ef3 v\u1ecdng s\u1ebd l\u00e0m thay \u0111\u1ed5i c\u00e1ch ch\u01a1i b\u00f3ng b\u00e0n c\u1ee7a nhi\u1ec1u ng\u01b0\u1eddi ch\u01a1i chuy\u00ean nghi\u1ec7p c\u0169ng nh\u01b0 nghi\u1ec7p d\u01b0.<\/p>\n<p>\u2013 C\u00f4ng ngh\u1ec7 Th\u1ebf H\u1ec7 Th\u1ee9 Hai v\u1edbi c\u00e1c h\u1ea1t \u0111\u00e0n h\u1ed3i th\u1ea9m th\u1ea5u cao (H-EPO\u00b3) kh\u00f4ng ch\u1ec9 k\u00edch ho\u1ea1t \u0111\u1ed9 \u0111\u00e0n h\u1ed3i c\u1ee7a cao su m\u00e0 c\u00f2n c\u1ee7a mi\u1ebfng x\u1ed1p. \u0110i\u1ec1u n\u00e0y gi\u00fap t\u1ed1i \u0111a h\u00f3a \u0111\u1ed9 b\u1eadt v\u00e0 s\u1ef1 linh ho\u1ea1t c\u1ee7a m\u1eb7t v\u1ee3t, mang l\u1ea1i nh\u1eefng c\u00fa \u0111\u00e1nh m\u1ea1nh m\u1ebd v\u00e0 ch\u00ednh x\u00e1c h\u01a1n.<\/p>\n<p>\u2013 V\u1edbi c\u1ea5u tr\u00fac pimples \u0111\u1ed9c \u0111\u00e1o v\u00e0 quy tr\u00ecnh \u0111\u1eb7c bi\u1ec7t, c\u00f4ng ngh\u1ec7 RPT l\u00e0m cho cao su lu\u00f4n \u1edf trong tr\u1ea1ng th\u00e1i c\u0103ng th\u1eb3ng. \u0110i\u1ec1u n\u00e0y kh\u00f4ng ch\u1ec9 gi\u00fap c\u1ea3i thi\u1ec7n \u0111\u1ed9 b\u1ec1n m\u00e0 c\u00f2n t\u0103ng c\u01b0\u1eddng kh\u1ea3 n\u0103ng ki\u1ec3m so\u00e1t v\u00e0 t\u1ed1c \u0111\u1ed9 c\u1ee7a v\u1ee3t.<\/p>\n<p>\u2013 Kh\u1ea3 n\u0103ng gi\u1ea3i ph\u00f3ng nhanh ch\u00f3ng c\u1ee7a cao su M\u1eb7t v\u1ee3t Gold Arc 9 gi\u00fap c\u1ea3i thi\u1ec7n \u0111\u00e1ng k\u1ec3 kh\u1ea3 n\u0103ng b\u1eadt l\u1ea1i c\u1ee7a v\u1ee3t. \u0110i\u1ec1u n\u00e0y c\u00f3 ngh\u0129a l\u00e0 ng\u01b0\u1eddi ch\u01a1i c\u00f3 th\u1ec3 th\u1ef1c hi\u1ec7n nh\u1eefng c\u00fa \u0111\u00e1nh m\u1ea1nh m\u1ebd v\u00e0 nhanh ch\u00f3ng m\u00e0 kh\u00f4ng c\u1ea7n ph\u1ea3i lo l\u1eafng v\u1ec1 \u0111\u1ed9 ch\u00ednh x\u00e1c.<\/p>\n<p>\u2013 Mi\u1ebfng x\u1ed1p NO.80 k\u1ebft h\u1ee3p v\u1edbi c\u00f4ng ngh\u1ec7 H-EPO\u00b3 gi\u00fap t\u1ed1i \u0111a h\u00f3a s\u1ef1 th\u00e2m nh\u1eadp c\u1ee7a s\u1ee9c m\u1ea1nh v\u00e0 n\u0103ng l\u01b0\u1ee3ng. \u0110i\u1ec1u n\u00e0y mang l\u1ea1i s\u1ef1 c\u00e2n b\u1eb1ng ho\u00e0n h\u1ea3o gi\u1eefa t\u1ed1c \u0111\u1ed9 v\u00e0 ki\u1ec3m so\u00e1t, cho ph\u00e9p ng\u01b0\u1eddi ch\u01a1i t\u1ef1 do k\u1ebft h\u1ee3p v\u1edbi nhi\u1ec1u lo\u1ea1i cao su v\u00e0 c\u1ed1t v\u1ee3t kh\u00e1c nhau.<\/p>\n<p>\u2013 T\u1ed1c \u0111\u1ed9: 9.2<\/p>\n<p>\u2013 Xo\u00e1y: 9.6<\/p>\n<p>\u2013 Ki\u1ec3m so\u00e1t: 9.5<\/p>\n<p>\u2013 Tr\u1ecdng l\u01b0\u1ee3ng: 3.3 (trung b\u00ecnh)<\/p>\n","protected":false},"excerpt":{"rendered":"<p>\u2013 M\u1eb7t v\u1ee3t Gold Arc 9 l\u00e0 m\u1ed9t lo\u1ea1i cao su \u0111\u00e0n h\u1ed3i kh\u00f4ng d\u00ednh m\u1edbi \u0111\u01b0\u1ee3c ph\u00e1t tri\u1ec3n b\u1edfi DHS. \u0110\u01b0\u1ee3c thi\u1ebft k\u1ebf \u0111\u1ec3 mang l\u1ea1i s\u1ef1 ki\u1ec3m so\u00e1t tinh t\u1ebf v\u00e0 d\u1ec5 s\u1eed d\u1ee5ng, M\u1eb7t v\u1ee3t Gold Arc 9 \u0111\u01b0\u1ee3c k\u1ef3 v\u1ecdng s\u1ebd l\u00e0m thay \u0111\u1ed5i c\u00e1ch ch\u01a1i b\u00f3ng b\u00e0n c\u1ee7a nhi\u1ec1u ng\u01b0\u1eddi [&hellip;]<\/p>\n","protected":false},"featured_media":5618,"comment_status":"open","ping_status":"closed","template":"","meta":{"_eb_attr":""},"product_cat":[172,29],"product_tag":[],"class_list":["post-5621","product","type-product","status-publish","has-post-thumbnail","hentry","product_cat-mat-tau","product_cat-mat-vot"],"_links":{"self":[{"href":"https:\/\/www.phivutabletennis.com\/index.php\/wp-json\/wp\/v2\/product\/5621","targetHints":{"allow":["GET"]}}],"collection":[{"href":"https:\/\/www.phivutabletennis.com\/index.php\/wp-json\/wp\/v2\/product"}],"about":[{"href":"https:\/\/www.phivutabletennis.com\/index.php\/wp-json\/wp\/v2\/types\/product"}],"replies":[{"embeddable":true,"href":"https:\/\/www.phivutabletennis.com\/index.php\/wp-json\/wp\/v2\/comments?post=5621"}],"wp:featuredmedia":[{"embeddable":true,"href":"https:\/\/www.phivutabletennis.com\/index.php\/wp-json\/wp\/v2\/media\/5618"}],"wp:attachment":[{"href":"https:\/\/www.phivutabletennis.com\/index.php\/wp-json\/wp\/v2\/media?parent=5621"}],"wp:term":[{"taxonomy":"product_cat","embeddable":true,"href":"https:\/\/www.phivutabletennis.com\/index.php\/wp-json\/wp\/v2\/product_cat?post=5621"},{"taxonomy":"product_tag","embeddable":true,"href":"https:\/\/www.phivutabletennis.com\/index.php\/wp-json\/wp\/v2\/product_tag?post=5621"}],"curies":[{"name":"wp","href":"https:\/\/api.w.org\/{rel}","templated":true}]}}