{"id":563,"date":"2023-04-03T01:40:37","date_gmt":"2023-04-02T18:40:37","guid":{"rendered":"http:\/\/www.phivutabletennis.com\/?post_type=product&#038;p=563"},"modified":"2023-06-28T17:01:29","modified_gmt":"2023-06-28T10:01:29","slug":"andro-synteliac-zco","status":"publish","type":"product","link":"https:\/\/www.phivutabletennis.com\/index.php\/product\/andro-synteliac-zco\/","title":{"rendered":"Andro Synteliac ZCO OFF\/S"},"content":{"rendered":"<p>S\u1ea3n ph\u1ea9m C\u1ed1t v\u1ee3t-Andro Synteliac ZCO<\/p>\n<p>Andro Synteliac ZCO \u0111\u01b0\u1ee3c l\u00e0m b\u1eb1ng s\u1ee3i Zyreema carbon, s\u1ee3i n\u00e0y c\u00f3 kh\u1ea3 n\u0103ng \u0111\u00e0n h\u1ed3i g\u1ea5p \u0111\u00f4i so v\u1edbi aramid s\u1ee3i t\u1ed5ng h\u1ee3p ti\u00eau chu\u1ea9n, mang l\u1ea1i cho v\u1ee3t Andro Synteliac ZCO s\u1ee9c m\u1ea1nh v\u00e0 \u0111\u1ed9 t\u1ea5n c\u00f4ng nhanh c\u0169ng nh\u01b0 \u00e2m thanh trong tr\u1ebbo. C\u1ea3m gi\u00e1c c\u1ee7a s\u1ee3i Zyreema carbon gi\u00fap cho kho\u1ea3ng th\u1eddi gian l\u01b0u b\u00f3ng \u0111\u1ec3 \u0111\u00e1nh l\u00fd t\u01b0\u1edfng nh\u1ea5t gi\u00fap b\u00f3ng \u0111\u1ea1t t\u1ed1c \u0111\u1ed9 v\u00e0 \u0111\u1ed9 xoay t\u1ed1i \u0111a. \u0110i\u1ec3m ng\u1ecdt l\u1edbn \u1ea5n t\u01b0\u1ee3ng gi\u00fap cho ng\u01b0\u1eddi d\u00f9ng c\u00f3 th\u00eam c\u1ea3m gi\u00e1c v\u00e0 \u0111\u1ed9 an to\u00e0n v\u1edbi b\u00f3ng.V\u1ee3t Andro Synteliac ZCO m\u1edf ra nh\u1eefng l\u0129nh v\u1ef1c m\u1edbi v\u1ec1 t\u1ed1c \u0111\u1ed9, \u0111\u1ed9 xo\u00e1y v\u00e0 t\u00ednh \u0111a d\u1ea1ng trong l\u1ed1i ch\u01a1i c\u1ee7a b\u1ea1n. L\u1ed1i ch\u01a1i c\u1ee7a b\u1ea1n s\u1ebd \u0111\u01b0\u1ee3c gia t\u0103ng \u0111\u00e1ng k\u1ec3 v\u1ec1 ch\u1ea5t l\u01b0\u1ee3ng.<\/p>\n<p><img decoding=\"async\" src=\"https:\/\/dungcubongban.vn\/image\/catalog\/andro\/2023\/andro-synteliac-zco-off-s.jpg\" \/><\/p>\n<p>Made in Korea<\/p>\n<p>K\u1ef9 thu\u1eadt b\u00f3ng b\u00e0n hi\u1ec7n \u0111\u1ea1i ng\u00e0y c\u00e0ng ph\u00e1t tri\u1ec3n k\u00e9o theo c\u00f4ng ngh\u1ec7 \u0111\u1ec3 s\u1ea3n xu\u1ea5t c\u00e1c trang thi\u1ebft b\u1ecb tr\u1edf n\u00ean quy\u1ebft li\u1ec7t h\u01a1n bao gi\u1edd h\u1ebft. \u0110\u1ec3 chi\u1ebfn th\u1eafng \u0111\u01b0\u1ee3c t\u1ed1c \u0111\u1ed9 trong b\u00f3ng b\u00e0n th\u1eddi gian ph\u1ea3n \u1ee9ng l\u00e0 y\u1ebfu t\u1ed1 c\u1ef1c k\u1ef3 quan tr\u1ecdng \u0111\u1ec3 gi\u00e0nh \u0111i\u1ec3m. Nh\u1eefng \u01b0u \u0111i\u1ec3m gi\u1ea3m rung t\u1eeb s\u1ee3i t\u1ed5ng h\u1ee3p m\u1edbi c\u1ee7a d\u00f2ng c\u1ed1t Synteliac gi\u00fap b\u1ea1n s\u1ebd nh\u1eadn \u0111\u01b0\u1ee3c ph\u1ea3n h\u1ed3i ngay l\u1eadp t\u1ee9c v\u1ec1 vi\u1ec7c b\u1ea1n \u0111\u00e3 \u0111\u00e1nh b\u00f3ng ch\u00ednh x\u00e1c hay ch\u01b0a? V\u00ec v\u1eady, b\u1ea1n s\u1ebd s\u1eb5n s\u00e0ng cho c\u00fa \u0111\u00e1nh ti\u1ebfp theo nhanh h\u01a1n.<\/p>\n<p>S\u1ee3i t\u1ed5ng h\u1ee3p ZYREEMA v\u00e0 VOLTEMA l\u00e0 m\u1ed9t trong nh\u1eefng lo\u1ea1i s\u1ee3i hi\u1ec7n \u0111\u1ea1i nh\u1ea5t v\u00e0 ti\u00ean ti\u1ebfn nh\u1ea5t hi\u1ec7n nay. N\u1ebfu ZYREEMA mang l\u1ea1i cho v\u1ee3t c\u1ea3m gi\u00e1c c\u1ee9ng, v\u00e0 th\u1eadt khi \u0111\u00e1nh v\u00e0 kh\u1ea3 n\u0103ng d\u1ef1 tr\u1eef t\u1ed1c \u0111\u1ed9 l\u1edbn th\u00ec s\u1ee3i VOLTEMA cung c\u1ea5p \u0111\u1ed9 c\u1ee9ng v\u1eeba ph\u1ea3i c\u1ee7a g\u1ed7, c\u1ea3m gi\u00e1c \u0111\u00e1ng kinh ng\u1ea1c v\u00e0 s\u1ef1 c\u00e2n b\u1eb1ng tuy\u1ec7t v\u1eddi gi\u1eefa t\u1ed1c \u0111\u1ed9 v\u00e0 kh\u1ea3 n\u0103ng ki\u1ec3m so\u00e1t. \u0110\u00e2y l\u00e0 m\u1ed9t k\u1ef9 thu\u1eadt ho\u00e0n to\u00e0n m\u1edbi khi k\u1ebft h\u1ee3p v\u1edbi Carbon \u0111\u00e3 thi\u1ebft l\u1eadp n\u00ean c\u00e1c ti\u00eau chu\u1ea9n m\u1edbi v\u1ec1 th\u1ebf h\u1ec7 v\u1ee3t s\u1ee3i t\u1ed5ng h\u1ee3p d\u00e0nh cho b\u00f3ng b\u00e0n hi\u1ec7n \u0111\u1ea1i.<\/p>\n","protected":false},"excerpt":{"rendered":"<p>S\u1ea3n ph\u1ea9m C\u1ed1t v\u1ee3t-Andro Synteliac ZCO Andro Synteliac ZCO \u0111\u01b0\u1ee3c l\u00e0m b\u1eb1ng s\u1ee3i Zyreema carbon, s\u1ee3i n\u00e0y c\u00f3 kh\u1ea3 n\u0103ng \u0111\u00e0n h\u1ed3i g\u1ea5p \u0111\u00f4i so v\u1edbi aramid s\u1ee3i t\u1ed5ng h\u1ee3p ti\u00eau chu\u1ea9n, mang l\u1ea1i cho v\u1ee3t Andro Synteliac ZCO s\u1ee9c m\u1ea1nh v\u00e0 \u0111\u1ed9 t\u1ea5n c\u00f4ng nhanh c\u0169ng nh\u01b0 \u00e2m thanh trong tr\u1ebbo. C\u1ea3m gi\u00e1c c\u1ee7a [&hellip;]<\/p>\n","protected":false},"featured_media":564,"comment_status":"open","ping_status":"closed","template":"","meta":{"_eb_attr":""},"product_cat":[58,26],"product_tag":[],"class_list":["post-563","product","type-product","status-publish","has-post-thumbnail","hentry","product_cat-andro-cot","product_cat-cot-vot"],"_links":{"self":[{"href":"https:\/\/www.phivutabletennis.com\/index.php\/wp-json\/wp\/v2\/product\/563","targetHints":{"allow":["GET"]}}],"collection":[{"href":"https:\/\/www.phivutabletennis.com\/index.php\/wp-json\/wp\/v2\/product"}],"about":[{"href":"https:\/\/www.phivutabletennis.com\/index.php\/wp-json\/wp\/v2\/types\/product"}],"replies":[{"embeddable":true,"href":"https:\/\/www.phivutabletennis.com\/index.php\/wp-json\/wp\/v2\/comments?post=563"}],"wp:featuredmedia":[{"embeddable":true,"href":"https:\/\/www.phivutabletennis.com\/index.php\/wp-json\/wp\/v2\/media\/564"}],"wp:attachment":[{"href":"https:\/\/www.phivutabletennis.com\/index.php\/wp-json\/wp\/v2\/media?parent=563"}],"wp:term":[{"taxonomy":"product_cat","embeddable":true,"href":"https:\/\/www.phivutabletennis.com\/index.php\/wp-json\/wp\/v2\/product_cat?post=563"},{"taxonomy":"product_tag","embeddable":true,"href":"https:\/\/www.phivutabletennis.com\/index.php\/wp-json\/wp\/v2\/product_tag?post=563"}],"curies":[{"name":"wp","href":"https:\/\/api.w.org\/{rel}","templated":true}]}}