{"id":5664,"date":"2024-12-03T21:16:43","date_gmt":"2024-12-03T14:16:43","guid":{"rendered":"https:\/\/www.phivutabletennis.com\/?post_type=product&#038;p=5664"},"modified":"2024-12-03T21:16:45","modified_gmt":"2024-12-03T14:16:45","slug":"cybershape-carbon-cwt-truls-edition","status":"publish","type":"product","link":"https:\/\/www.phivutabletennis.com\/index.php\/product\/cybershape-carbon-cwt-truls-edition\/","title":{"rendered":"CYBERSHAPE Carbon CWT Truls Edition"},"content":{"rendered":"<div>C\u00e1c t\u00ednh n\u0103ng h\u00e0ng \u0111\u1ea7u:<\/div>\n<div><\/div>\n<div>C\u1ed1t v\u1ee3t b\u00f3ng b\u00e0n t\u1ea5n c\u00f4ng c\u00f3 thi\u1ebft k\u1ebf \u0111\u00e3 \u0111\u0103ng k\u00fd Cybershape v\u00e0 STIGA CWT.<\/div>\n<div>Tr\u1ecdng l\u01b0\u1ee3ng \u0111i\u1ec1u ch\u1ec9nh v\u00e0 \u0111\u1ed9 c\u00e2n b\u1eb1ng c\u1ee7a c\u1ed1t v\u1ee3t b\u1eb1ng c\u00e1ch s\u1eed d\u1ee5ng c\u00e1c c\u1ee5c tr\u1ecdng l\u01b0\u1ee3ng \u0111i k\u00e8m 3, 6 v\u00e0 9 gam.<\/div>\n<div>C\u1ed1t v\u1ee3t b\u00f3ng b\u00e0n \u0111\u01b0\u1ee3c ph\u00e1t tri\u1ec3n v\u1edbi s\u1ef1 h\u1ee3p t\u00e1c c\u1ee7a \u00c1 Qu\u00e2n v\u00f4 \u0111\u1ecbch th\u1ebf gi\u1edbi Truls M\u00f6reg\u00e5rdh.<\/div>\n<div>Tr\u1ecdng l\u01b0\u1ee3ng \u0111\u01b0\u1ee3c thi\u1ebft k\u1ebf \u0111\u1eb7c bi\u1ec7t cho ba c\u00fa \u0111\u00e1nh y\u00eau th\u00edch c\u1ee7a Truls: the chop, push, and slap.<\/div>\n<div>\u0110i\u1ec3m ng\u1ecdt cao h\u01a1n, l\u1edbn h\u01a1n so v\u1edbi \u0111i\u1ec3m ng\u1ecdt \u0111\u01b0\u1ee3c t\u00ecm th\u1ea5y \u1edf c\u00e1c c\u1ed1t v\u1ee3t c\u00f3 h\u00ecnh d\u1ea1ng truy\u1ec1n th\u1ed1ng mang l\u1ea1i cho b\u1ea1n nhi\u1ec1u l\u1ef1c h\u01a1n trong c\u00e1c c\u00fa \u0111\u00e1nh m\u00e0 kh\u00f4ng m\u1ea5t ki\u1ec3m so\u00e1t.<\/div>\n<div>C\u00f4ng ngh\u1ec7 CCF, trong \u0111\u00f3 s\u1ee3i carbon \u0111\u01b0\u1ee3c \u00e1p d\u1ee5ng tr\u1ef1c ti\u1ebfp v\u00e0o l\u00f5i g\u1ed7, mang l\u1ea1i c\u1ea3m gi\u00e1c ch\u1ea1m nh\u1eb9 nh\u00e0ng h\u01a1n v\u00e0 t\u0103ng kh\u1ea3 n\u0103ng ki\u1ec3m so\u00e1t.<\/div>\n<div>Th\u1ea5u k\u00ednh \u0111\u1ed9c \u0111\u00e1o v\u00e0 thi\u1ebft k\u1ebf in m\u00e0u v\u00e0ng th\u1ec3 hi\u1ec7n t\u01b0 th\u1ebf chi\u1ebfn th\u1eafng \u0111\u1eb7c tr\u01b0ng c\u1ee7a Truls tr\u00ean m\u1eb7t v\u1ee3t .<\/div>\n<div>\u0110\u01b0\u1ee3c giao trong bao b\u00ec \u0111\u1ed9c quy\u1ec1n, c\u00f9ng v\u1edbi th\u1ebb ng\u01b0\u1eddi h\u00e2m m\u1ed9 c\u00f3 h\u00ecnh Truls.<\/div>\n","protected":false},"excerpt":{"rendered":"<p>C\u00e1c t\u00ednh n\u0103ng h\u00e0ng \u0111\u1ea7u: C\u1ed1t v\u1ee3t b\u00f3ng b\u00e0n t\u1ea5n c\u00f4ng c\u00f3 thi\u1ebft k\u1ebf \u0111\u00e3 \u0111\u0103ng k\u00fd Cybershape v\u00e0 STIGA CWT. Tr\u1ecdng l\u01b0\u1ee3ng \u0111i\u1ec1u ch\u1ec9nh v\u00e0 \u0111\u1ed9 c\u00e2n b\u1eb1ng c\u1ee7a c\u1ed1t v\u1ee3t b\u1eb1ng c\u00e1ch s\u1eed d\u1ee5ng c\u00e1c c\u1ee5c tr\u1ecdng l\u01b0\u1ee3ng \u0111i k\u00e8m 3, 6 v\u00e0 9 gam. C\u1ed1t v\u1ee3t b\u00f3ng b\u00e0n \u0111\u01b0\u1ee3c ph\u00e1t tri\u1ec3n v\u1edbi [&hellip;]<\/p>\n","protected":false},"featured_media":5667,"comment_status":"open","ping_status":"closed","template":"","meta":{"_eb_attr":""},"product_cat":[77,26],"product_tag":[],"class_list":["post-5664","product","type-product","status-publish","has-post-thumbnail","hentry","product_cat-stiga-cot-vot","product_cat-cot-vot"],"_links":{"self":[{"href":"https:\/\/www.phivutabletennis.com\/index.php\/wp-json\/wp\/v2\/product\/5664","targetHints":{"allow":["GET"]}}],"collection":[{"href":"https:\/\/www.phivutabletennis.com\/index.php\/wp-json\/wp\/v2\/product"}],"about":[{"href":"https:\/\/www.phivutabletennis.com\/index.php\/wp-json\/wp\/v2\/types\/product"}],"replies":[{"embeddable":true,"href":"https:\/\/www.phivutabletennis.com\/index.php\/wp-json\/wp\/v2\/comments?post=5664"}],"wp:featuredmedia":[{"embeddable":true,"href":"https:\/\/www.phivutabletennis.com\/index.php\/wp-json\/wp\/v2\/media\/5667"}],"wp:attachment":[{"href":"https:\/\/www.phivutabletennis.com\/index.php\/wp-json\/wp\/v2\/media?parent=5664"}],"wp:term":[{"taxonomy":"product_cat","embeddable":true,"href":"https:\/\/www.phivutabletennis.com\/index.php\/wp-json\/wp\/v2\/product_cat?post=5664"},{"taxonomy":"product_tag","embeddable":true,"href":"https:\/\/www.phivutabletennis.com\/index.php\/wp-json\/wp\/v2\/product_tag?post=5664"}],"curies":[{"name":"wp","href":"https:\/\/api.w.org\/{rel}","templated":true}]}}