{"id":5703,"date":"2024-12-03T21:32:37","date_gmt":"2024-12-03T14:32:37","guid":{"rendered":"https:\/\/www.phivutabletennis.com\/?post_type=product&#038;p=5703"},"modified":"2024-12-03T21:32:39","modified_gmt":"2024-12-03T14:32:39","slug":"dhs-tg506-x","status":"publish","type":"product","link":"https:\/\/www.phivutabletennis.com\/index.php\/product\/dhs-tg506-x\/","title":{"rendered":"DHS TG506 X"},"content":{"rendered":"<h2><strong>C\u1ed1t v\u1ee3t TG 506X v\u1eeba ra m\u1eaft c\u1ee7a h\u00e3ng DHS\u00a0<\/strong><\/h2>\n<p><strong>Th\u00f4ng tin v\u00e0 c\u1ea5u t\u1ea1o c\u1ee7a c\u1ed1t v\u1ee3t DHS TG 506X<\/strong><\/p>\n<p>\u2013 \u0110\u1ed9 d\u00e0y 5.8mm<\/p>\n<p>\u2013 C\u1ed1t l\u00f5i Koto + Alc + Ayous + Paulownia<\/p>\n<p>\u2013 Tr\u1ecdng l\u01b0\u1ee3ng 89g<\/p>\n<p>\u2013 S\u1eed d\u1ee5ng t\u1ea5m s\u1ee3i carbon Aryl 7 l\u1edbp m\u1edbi tr\u00ean 40+ . Gi\u1eef s\u1ef1 \u1ed5n \u0111\u1ecbnh c\u1ee7a \u0111\u1ed9 ki\u1ec3m so\u00e1t tr\u00ean b\u00e0n gi\u1eefa xa b\u00e0n. L\u1edbp aryl carbon d\u01b0\u1edbi b\u1ec1 m\u1eb7t. T\u0103ng c\u01b0\u1eddng t\u1ed1c \u0111\u1ed9 v\u00e0 uy l\u1ef1c.<\/p>\n","protected":false},"excerpt":{"rendered":"<p>C\u1ed1t v\u1ee3t TG 506X v\u1eeba ra m\u1eaft c\u1ee7a h\u00e3ng DHS\u00a0 Th\u00f4ng tin v\u00e0 c\u1ea5u t\u1ea1o c\u1ee7a c\u1ed1t v\u1ee3t DHS TG 506X \u2013 \u0110\u1ed9 d\u00e0y 5.8mm \u2013 C\u1ed1t l\u00f5i Koto + Alc + Ayous + Paulownia \u2013 Tr\u1ecdng l\u01b0\u1ee3ng 89g \u2013 S\u1eed d\u1ee5ng t\u1ea5m s\u1ee3i carbon Aryl 7 l\u1edbp m\u1edbi tr\u00ean 40+ . Gi\u1eef s\u1ef1 \u1ed5n [&hellip;]<\/p>\n","protected":false},"featured_media":5687,"comment_status":"open","ping_status":"closed","template":"","meta":{"_eb_attr":""},"product_cat":[195,26],"product_tag":[],"class_list":["post-5703","product","type-product","status-publish","has-post-thumbnail","hentry","product_cat-cotvotdhs","product_cat-cot-vot"],"_links":{"self":[{"href":"https:\/\/www.phivutabletennis.com\/index.php\/wp-json\/wp\/v2\/product\/5703","targetHints":{"allow":["GET"]}}],"collection":[{"href":"https:\/\/www.phivutabletennis.com\/index.php\/wp-json\/wp\/v2\/product"}],"about":[{"href":"https:\/\/www.phivutabletennis.com\/index.php\/wp-json\/wp\/v2\/types\/product"}],"replies":[{"embeddable":true,"href":"https:\/\/www.phivutabletennis.com\/index.php\/wp-json\/wp\/v2\/comments?post=5703"}],"wp:featuredmedia":[{"embeddable":true,"href":"https:\/\/www.phivutabletennis.com\/index.php\/wp-json\/wp\/v2\/media\/5687"}],"wp:attachment":[{"href":"https:\/\/www.phivutabletennis.com\/index.php\/wp-json\/wp\/v2\/media?parent=5703"}],"wp:term":[{"taxonomy":"product_cat","embeddable":true,"href":"https:\/\/www.phivutabletennis.com\/index.php\/wp-json\/wp\/v2\/product_cat?post=5703"},{"taxonomy":"product_tag","embeddable":true,"href":"https:\/\/www.phivutabletennis.com\/index.php\/wp-json\/wp\/v2\/product_tag?post=5703"}],"curies":[{"name":"wp","href":"https:\/\/api.w.org\/{rel}","templated":true}]}}