{"id":717,"date":"2023-04-04T01:52:05","date_gmt":"2023-04-03T18:52:05","guid":{"rendered":"http:\/\/www.phivutabletennis.com\/?post_type=product&#038;p=717"},"modified":"2024-09-29T20:34:31","modified_gmt":"2024-09-29T13:34:31","slug":"asics-attack-bladelyte-4","status":"publish","type":"product","link":"https:\/\/www.phivutabletennis.com\/index.php\/product\/asics-attack-bladelyte-4\/","title":{"rendered":"Asics ATTACK BLADELYTE 4"},"content":{"rendered":"<p>Gi\u00e0y \u00a0Attack Bladelyte 4 phi\u00ean b\u1ea3n m\u1edbi m\u00e0u s\u1eafc trang nh\u00e3 v\u00e0 chuy\u00ean d\u00f9ng cho m\u00f4n b\u00f3ng b\u00e0n<\/p>\n<p>Nh\u1eefng \u0111\u00f4i gi\u00e0y Asics x\u1ee9ng \u0111\u00e1ng n\u1eb1m trong danh s\u00e1ch \u201cMust Have\u201d<\/p>\n<p>Asics Attack Bladelyte 4\u00a0 \u200b\u200b\u0111\u01b0\u1ee3c thi\u1ebft k\u1ebf \u0111\u1eb7c bi\u1ec7t v\u1edbi h\u1ec7 th\u1ed1ng Trust \u0111\u1ec3 h\u1ed7 tr\u1ee3 ng\u01b0\u1eddi d\u00f9ng \u1ed5n \u0111\u1ecbnh t\u1ed1t trong th\u1ec3 thao. Ngo\u00e0i ra, b\u1ec1 m\u1eb7t gi\u00e0y \u0111\u01b0\u1ee3c l\u00e0m t\u1eeb ch\u1ea5t li\u1ec7u v\u1ea3i l\u01b0\u1edbi tho\u00e1ng kh\u00ed, v\u1edbi c\u00f4ng ngh\u1ec7 gel \u00eam \u00e1i v\u00e0 \u0111\u1ebf cao su si\u00eau b\u1ec1n, gi\u00fap ng\u01b0\u1eddi d\u00f9ng c\u00f3 th\u1ec3 b\u01b0\u1edbc v\u00e0o m\u1ed9t c\u00e1ch \u00eam \u00e1i v\u00e0 hi\u1ec7u qu\u1ea3.<\/p>\n<p>Th\u01b0\u01a1ng hi\u1ec7u gi\u00e0y Asics cung c\u1ea5p c\u00e1c s\u1ea3n ph\u1ea9m ch\u1ea5t l\u01b0\u1ee3ng cao \u0111\u01b0\u1ee3c l\u00e0m t\u1eeb ch\u1ea5t li\u1ec7u cao c\u1ea5p. H\u1ea7u h\u1ebft c\u00e1c s\u1ea3n ph\u1ea9m c\u1ee7a Asics \u0111\u1ec1u \u0111\u01b0\u1ee3c l\u00e0m t\u1eeb ch\u1ea5t li\u1ec7u da t\u1ed5ng h\u1ee3p cao c\u1ea5p v\u00e0 v\u1ea3i l\u01b0\u1edbi th\u1ec3 thao tho\u00e1ng kh\u00ed \u0111\u1ec3 t\u1ea1o s\u1ef1 tho\u1ea3i m\u00e1i t\u1ed1i \u0111a cho mu b\u00e0n ch\u00e2n.<\/p>\n<p>\u0110\u1ed3ng th\u1eddi, h\u1ec7 th\u1ed1ng \u0111\u1ec7m k\u00e9o d\u00e0i t\u1eeb g\u00f3t ch\u00e2n \u0111\u1ebfn t\u1eebng ng\u00f3n ch\u00e2n c\u0169ng gi\u00fap gi\u00e0y Asics h\u1ea5p th\u1ee5 l\u1ef1c t\u00e1c \u0111\u1ed9ng l\u1edbn nh\u1ea5t, gi\u00fap ng\u01b0\u1eddi d\u00f9ng nh\u1eb9 nh\u00e0ng h\u01a1n trong m\u1ecdi c\u1eed \u0111\u1ed9ng.<\/p>\n<p><img decoding=\"async\" src=\"https:\/\/dungcubongban.vn\/image\/catalog\/Asics\/2022\/giay%20asics%20attack%20bladelyte%204.jpg\" \/><\/p>\n<p><img decoding=\"async\" src=\"https:\/\/dungcubongban.vn\/image\/catalog\/Asics\/2022\/asics%20attack%20bladelyte%204-sau.jpg\" \/><\/p>\n<p><img decoding=\"async\" src=\"https:\/\/dungcubongban.vn\/image\/catalog\/Asics\/2022\/asics%20attack%20bladelyte%204.jpg\" \/><\/p>\n<p><img decoding=\"async\" src=\"https:\/\/dungcubongban.vn\/image\/catalog\/Asics\/2022\/asics%20attack%20bladelyte%204-1.jpg\" \/><\/p>\n<table border=\"0\" width=\"512\" cellspacing=\"0\" cellpadding=\"0\">\n<colgroup>\n<col width=\"64\" \/>\n<col span=\"2\" width=\"64\" \/>\n<col span=\"5\" width=\"64\" \/><\/colgroup>\n<tbody>\n<tr>\n<td class=\"xl69\" colspan=\"8\" width=\"512\" height=\"35\">SIZE CHART<\/td>\n<\/tr>\n<tr>\n<td class=\"xl69\" height=\"35\">EUR<\/td>\n<td class=\"xl70\">37,5<\/td>\n<td class=\"xl70\">38<\/td>\n<td class=\"xl69\">39,5<\/td>\n<td class=\"xl69\">40,5<\/td>\n<td class=\"xl69\">41,5<\/td>\n<td class=\"xl69\">42<\/td>\n<td class=\"xl69\">42,5<\/td>\n<\/tr>\n<tr>\n<td class=\"xl69\" height=\"35\">UK<\/td>\n<td class=\"xl70\">4<\/td>\n<td class=\"xl70\">4,5<\/td>\n<td class=\"xl69\">5,5<\/td>\n<td class=\"xl69\">6,5<\/td>\n<td class=\"xl69\">7<\/td>\n<td class=\"xl69\">7,5<\/td>\n<td class=\"xl69\">8<\/td>\n<\/tr>\n<tr>\n<td class=\"xl69\" height=\"35\">US<\/td>\n<td class=\"xl70\">5<\/td>\n<td class=\"xl70\">5,5<\/td>\n<td class=\"xl69\">6,5<\/td>\n<td class=\"xl69\">7,5<\/td>\n<td class=\"xl69\">8<\/td>\n<td class=\"xl69\">8,5<\/td>\n<td class=\"xl69\">9<\/td>\n<\/tr>\n<tr>\n<td class=\"xl69\" height=\"35\">CM<\/td>\n<td class=\"xl70\">23,5<\/td>\n<td class=\"xl70\">24<\/td>\n<td class=\"xl69\">25<\/td>\n<td class=\"xl69\">25,5<\/td>\n<td class=\"xl69\">26<\/td>\n<td class=\"xl69\">26,5<\/td>\n<td class=\"xl69\">27<\/td>\n<\/tr>\n<\/tbody>\n<\/table>\n","protected":false},"excerpt":{"rendered":"<p>Gi\u00e0y \u00a0Attack Bladelyte 4 phi\u00ean b\u1ea3n m\u1edbi m\u00e0u s\u1eafc trang nh\u00e3 v\u00e0 chuy\u00ean d\u00f9ng cho m\u00f4n b\u00f3ng b\u00e0n Nh\u1eefng \u0111\u00f4i gi\u00e0y Asics x\u1ee9ng \u0111\u00e1ng n\u1eb1m trong danh s\u00e1ch \u201cMust Have\u201d Asics Attack Bladelyte 4\u00a0 \u200b\u200b\u0111\u01b0\u1ee3c thi\u1ebft k\u1ebf \u0111\u1eb7c bi\u1ec7t v\u1edbi h\u1ec7 th\u1ed1ng Trust \u0111\u1ec3 h\u1ed7 tr\u1ee3 ng\u01b0\u1eddi d\u00f9ng \u1ed5n \u0111\u1ecbnh t\u1ed1t trong th\u1ec3 thao. Ngo\u00e0i [&hellip;]<\/p>\n","protected":false},"featured_media":5067,"comment_status":"open","ping_status":"closed","template":"","meta":{"_eb_attr":""},"product_cat":[63,59],"product_tag":[],"class_list":["post-717","product","type-product","status-publish","has-post-thumbnail","hentry","product_cat-asics-giay","product_cat-giay-vo"],"_links":{"self":[{"href":"https:\/\/www.phivutabletennis.com\/index.php\/wp-json\/wp\/v2\/product\/717","targetHints":{"allow":["GET"]}}],"collection":[{"href":"https:\/\/www.phivutabletennis.com\/index.php\/wp-json\/wp\/v2\/product"}],"about":[{"href":"https:\/\/www.phivutabletennis.com\/index.php\/wp-json\/wp\/v2\/types\/product"}],"replies":[{"embeddable":true,"href":"https:\/\/www.phivutabletennis.com\/index.php\/wp-json\/wp\/v2\/comments?post=717"}],"wp:featuredmedia":[{"embeddable":true,"href":"https:\/\/www.phivutabletennis.com\/index.php\/wp-json\/wp\/v2\/media\/5067"}],"wp:attachment":[{"href":"https:\/\/www.phivutabletennis.com\/index.php\/wp-json\/wp\/v2\/media?parent=717"}],"wp:term":[{"taxonomy":"product_cat","embeddable":true,"href":"https:\/\/www.phivutabletennis.com\/index.php\/wp-json\/wp\/v2\/product_cat?post=717"},{"taxonomy":"product_tag","embeddable":true,"href":"https:\/\/www.phivutabletennis.com\/index.php\/wp-json\/wp\/v2\/product_tag?post=717"}],"curies":[{"name":"wp","href":"https:\/\/api.w.org\/{rel}","templated":true}]}}