{"id":813,"date":"2023-04-04T12:05:26","date_gmt":"2023-04-04T05:05:26","guid":{"rendered":"http:\/\/www.phivutabletennis.com\/?post_type=product&#038;p=813"},"modified":"2023-04-04T12:05:27","modified_gmt":"2023-04-04T05:05:27","slug":"khan-mizuno","status":"publish","type":"product","link":"https:\/\/www.phivutabletennis.com\/index.php\/product\/khan-mizuno\/","title":{"rendered":"Kh\u0103n Mizuno"},"content":{"rendered":"<p>Kh\u0103n Mizuno Ch\u00ednh h\u00e3ng Nh\u1eadt B\u1ea3n<\/p>\n<p>K\u00edch th\u01b0\u1edbc: R\u1ed9ng 34cm x D\u00e0i 80cm<\/p>\n","protected":false},"excerpt":{"rendered":"<p>Kh\u0103n Mizuno Ch\u00ednh h\u00e3ng Nh\u1eadt B\u1ea3n K\u00edch th\u01b0\u1edbc: R\u1ed9ng 34cm x D\u00e0i 80cm<\/p>\n","protected":false},"featured_media":814,"comment_status":"open","ping_status":"closed","template":"","meta":{"_eb_attr":""},"product_cat":[68,67],"product_tag":[],"class_list":["post-813","product","type-product","status-publish","has-post-thumbnail","hentry","product_cat-khan","product_cat-phu-kien"],"_links":{"self":[{"href":"https:\/\/www.phivutabletennis.com\/index.php\/wp-json\/wp\/v2\/product\/813","targetHints":{"allow":["GET"]}}],"collection":[{"href":"https:\/\/www.phivutabletennis.com\/index.php\/wp-json\/wp\/v2\/product"}],"about":[{"href":"https:\/\/www.phivutabletennis.com\/index.php\/wp-json\/wp\/v2\/types\/product"}],"replies":[{"embeddable":true,"href":"https:\/\/www.phivutabletennis.com\/index.php\/wp-json\/wp\/v2\/comments?post=813"}],"wp:featuredmedia":[{"embeddable":true,"href":"https:\/\/www.phivutabletennis.com\/index.php\/wp-json\/wp\/v2\/media\/814"}],"wp:attachment":[{"href":"https:\/\/www.phivutabletennis.com\/index.php\/wp-json\/wp\/v2\/media?parent=813"}],"wp:term":[{"taxonomy":"product_cat","embeddable":true,"href":"https:\/\/www.phivutabletennis.com\/index.php\/wp-json\/wp\/v2\/product_cat?post=813"},{"taxonomy":"product_tag","embeddable":true,"href":"https:\/\/www.phivutabletennis.com\/index.php\/wp-json\/wp\/v2\/product_tag?post=813"}],"curies":[{"name":"wp","href":"https:\/\/api.w.org\/{rel}","templated":true}]}}